h(y) = y - 2. Let t = -56 - -60. Give h(t).
2
Let q(x) be the first derivative of -x**4/4 - 2*x**3 - 5*x**2/2 + 4*x - 4. Give q(-5).
4
Let k(s) be the first derivative of -1/3*s**3 + s - 1 - 1/2*s**2. Determine k(1).
-1
Let s(g) = -g**3 + 4*g**2 + 2*g + 7. Let d be s(5). Let v = d + 13. Let c(p) = p - 6. Determine c(v).
-1
Suppose -7*f + 2*f + 30 = 0. Let q(c) = f*c**3 + 10*c**3 - 7*c**2 - 17*c**3 - 6*c. Give q(-6).
0
Let b(v) = 0*v**3 + 1 - v**3 - 4*v**2 + 2*v**3 - 4*v. Let z be b(5). Let h(q) be the first derivative of -q**4/4 + 2*q**3 - q**2/2 - 2. Give h(z).
-6
Let q(r) = r + 1. Let u be 45/35 + 2/(-7). Let d be 2 + (u - 0 - 2). Suppose -d + 5 = -2*x. Give q(x).
-1
Let i(f) = 3 - 3*f + f**2 - 3*f**2 + 4*f**2. Suppose -4*p - 2*x + 18 = 0, 2*p + 8*x - 5*x = 19. Determine i(p).
5
Let l(j) = -7*j + j**2 + 0 + 3*j - 2*j - 5. Give l(6).
-5
Suppose -4*w - 6 = -3*w - 5*o, -5*w - o - 4 = 0. Let n(b) = -9*b**3 - 2*b**2 + 1. Calculate n(w).
8
Let v = 36 - 28. Let c(x) = x - 14. Calculate c(v).
-6
Let g be 5/(10/22) + -6. Let y(i) = i + 3. Let v be y(-6). Let u(m) = -1. Let t(s) = 2*s - 1. Let z(l) = v*u(l) - t(l). What is z(g)?
-6
Let v be (0/(-3 + 4))/2. Suppose -2*o - 4*u = v, u = -2*o + 6*u + 9. Let z(w) = 3*w + 2. Determine z(o).
8
Let y(h) = -h**2 + 7*h + 10. Let f(i) = i**2 + 5*i - 7. Let z be f(-7). What is y(z)?
10
Suppose -2 = -2*k - 2*s + 6, -4*s + 17 = 3*k. Let z(b) be the first derivative of 2*b**3/3 + 1. Determine z(k).
2
Suppose 8*u + 20 = 12*u. Let s = 1 - u. Let h(y) = y - 1. Give h(s).
-5
Suppose 4 = v - 1, 4*x - 2*v = 6. Let l(f) = -f**3 + 5*f**2 - 4*f + 3. Determine l(x).
3
Let f(g) = 3*g**2 + 6*g + 4. Let o(h) be the third derivative of -h**5/6 - 19*h**4/24 - 2*h**3 - 10*h**2. Let p(n) = -7*f(n) - 2*o(n). Give p(-6).
-16
Let p(l) = 4*l**3 + l**2 + l + 1. Let z = 15 + -18. Let w = z - -2. Calculate p(w).
-3
Let w(p) = 7*p**3 + 2*p - 3. Let r(t) = -4*t**3 + 1 - t - t**2 + t**2. Let l(d) = 5*r(d) + 3*w(d). Let q(f) = -f**2 - f. Let a be q(0). What is l(a)?
-4
Let r(y) = 5*y**2 + y. Suppose 2*o = -1 - 5. Let w = 5 + o. Suppose -4 = w*u, -2*d - 4*u - 2 = 8. What is r(d)?
4
Let l(i) = -3*i - 23. Let v(b) = -2*b - 12. Let n(m) = -3*l(m) + 5*v(m). Suppose 7*f = 3*f. Determine n(f).
9
Suppose 6*v - 4 = 4*v. Suppose -u - v*u - 18 = 0. Let l(a) = -a**3 - 5*a**2 + 4*a - 3. Calculate l(u).
9
Let l(o) be the second derivative of 2*o**3/3 + o**2/2 + 34*o. Determine l(1).
5
Let u(c) = -6*c - 6. Let k be u(7). Let y be 4/(-10) + k/(-20). Let h(j) = -5*j**2 + 8*j**2 - 4*j + 3 + 0*j. Calculate h(y).
7
Suppose 0 = j - 4, 30 = 5*w - 2*j + 7*j. Let b(k) = 17*k - 2. Calculate b(w).
32
Let d(x) = 4*x**2 + 7*x + 7. Let w(g) = g**2 + g + 1. Let o(u) = -d(u) + 6*w(u). Calculate o(3).
14
Let m(x) = -x**2 - 9*x + 2. Suppose -2*p - 13 - 1 = 0. What is m(p)?
16
Let k(p) be the third derivative of p**4/24 + p**3/3 - 8*p**2. Determine k(0).
2
Let u be ((-1)/4)/(7/(-140)). Suppose j + u = 6. Let l(d) = d - 1. Let k(g) = -g + 1. Let n(y) = -2*k(y) - l(y). Determine n(j).
0
Let h(s) = -s**3 + 8*s**2 + 10*s + 11. Suppose -l + 4*x + 10 = 3*x, 0 = 4*l - 3*x - 39. Give h(l).
20
Let k(i) be the third derivative of i**5/6 + i**4/24 + i**3/6 - 2*i**2. Suppose 2 - 5 = 3*b. Calculate k(b).
10
Let i(s) = s**2 + 4*s - 1. Let f = 49 + -34. Suppose 5*m + 0*m + f = 0. Calculate i(m).
-4
Let x(j) = -j**2 - j - 2. Let c be 0/(2/2*1). Let m(y) = y**3 + y - 3. Let r be m(c). Calculate x(r).
-8
Suppose 5*g = 25, 2*k - 7*g + 3*g = -14. Suppose 4*h = 2*w - 90, -19 + 99 = -k*h + 4*w. Let z be (5/4)/((-5)/h). Let b(a) = a**3 - 4*a**2 - 6*a + 1. Give b(z).
-4
Let q(h) = 3*h - 8. Let z be q(3). Let y(f) = 2*f**2 - f + 1. Give y(z).
2
Let b(i) = -i + 2. Let y = 47 + -53. Determine b(y).
8
Let p = 63 + -58. Let f(h) = 0*h + 2*h - h + 5. Give f(p).
10
Let q(u) = -6*u**2 - 4 - 4*u**2 + 4*u**2 + 5*u**2 - u. Give q(0).
-4
Let x(q) = -q**3 + 3*q**2 + 2*q. Let o be x(3). Let z(d) = -9*d + 2*d + o*d. What is z(5)?
-5
Let t(r) = r**2 + 6*r + r - 8*r - 4. What is t(4)?
8
Let c = 10 + -14. Let h(n) = -n**2 - 2*n + 2. What is h(c)?
-6
Let o be ((-8)/(-12))/(4/42). Let m(r) = r - 6. Let u(a) = -2*a + 11. Let j(g) = -7*m(g) - 4*u(g). Give j(o).
5
Let d(l) = -7*l**2 + l**3 + 0*l**2 - 6*l - l**3 + 7 - l**3. Determine d(-6).
7
Let t(f) = f - 5*f**3 + 4*f**3 - 2 + f + 0*f**3. Calculate t(2).
-6
Let f(x) = -3*x**2 + 6. Let j(t) be the second derivative of 0*t**3 + 1/3*t**4 - 5/2*t**2 + 0 - 2*t. Let c(n) = 4*f(n) + 5*j(n). What is c(-1)?
7
Let h(d) be the third derivative of -2*d**2 - 1/24*d**4 + 0 + 0*d - 1/2*d**3. Give h(-3).
0
Suppose 3*s + 2 = -4*d, -5*s + 0*s - 14 = -4*d. Let m be 18/12 + (-9)/s. Let t be 12/(-2)*m/9. Let u(a) = -2*a**2 - 6*a - 5. Calculate u(t).
-13
Let l be (-7)/(14/8) + 3. Let h be -5 - -3 - (2 - l). Let o(g) = g**2 - g - 1. Let t(a) = -3*a**2 - 4*a + 4. Let f(w) = 2*o(w) + t(w). Determine f(h).
7
Suppose v = a - 4, 0 = a - 4*a + 3. Let q = v + -4. Let m(i) = i**3 + 7*i**2 - i - 1. Give m(q).
6
Let n(q) be the first derivative of -3*q**2/2 - 4*q - 18. What is n(5)?
-19
Let x(u) be the third derivative of u**5/60 + 5*u**4/12 + 5*u**3/3 + 2*u**2. Determine x(-8).
-6
Let a(k) be the third derivative of k**4/24 + k**3/6 + 9*k**2. Let g(t) = -9*t - 9. Let u(f) = -33*a(f) - 4*g(f). Give u(-2).
-3
Let g(t) = t**2 - 3*t - 2. Let y be 2*12/8*1. Calculate g(y).
-2
Let f(c) = -c**2 + 6*c + 1. Let k be f(6). Let a(q) = -10*q**2 + 1. Give a(k).
-9
Let b(z) = -3*z**2 - z + 6. Let u(h) = 5*h**2 + h - 11. Let n(g) = 7*b(g) + 4*u(g). Let w be n(-2). Let i(v) = -v. Determine i(w).
0
Let y(t) = -t + 1. Let v = 2 + 0. Suppose -d = -v*l, -d = 2*d + l + 7. Calculate y(d).
3
Let i = -7 - -9. Suppose -a - 3 = -i. Let j(x) be the third derivative of x**5/60 + x**4/12 + x**3/6 + x**2. What is j(a)?
0
Suppose -3*h + 0 = 15. Let t be (-10)/25 - 12/h. Let u be 19/(-7) - t/7. Let j(f) = f**2 + 4*f + 1. What is j(u)?
-2
Let t(l) = -4*l**3 + 2*l + 1. Let i be t(-1). Suppose 5*f = 7 + 3. Let r(n) = n**2 + 0*n**2 - 2*n**f. Give r(i).
-9
Let c be 21/9 - 16/(-24). Let p(b) = -b**2 - 4. Calculate p(c).
-13
Let c be 2/(4/(-2))*0. Let p = c + 2. Let n(z) = -z**3 + z**2 + z. What is n(p)?
-2
Let i(w) = 6*w - 1. Let s(m) = m**3 + 8*m**2 + 6*m - 4. Let x be s(-7). Give i(x).
17
Let a(u) = -u**2 + u + 1. Let j be 38/(-10) + 4/(-20). Let o be (1 - 3/4)*j. Determine a(o).
-1
Suppose -y - 1 = -4. Suppose y = -5*k + 13. Suppose 3*x = 2*c + 25, -x - k*x + 40 = -5*c. Let s(m) = m**2 + 5*m + 5. Calculate s(c).
5
Let g(l) be the third derivative of 0 + 7/3*l**3 + 0*l - 1/60*l**5 - 9*l**2 - 1/24*l**4 - 1/120*l**6. What is g(0)?
14
Let z(j) = 6*j + 77. Let k(b) = -2*b - 26. Let f(m) = 7*k(m) + 2*z(m). Let u be f(-12). Let t(q) = 0 - 1 + 4*q**2 + 3 + q**3. Calculate t(u).
2
Let s(l) = 5*l**2 + 2 - 6*l**2 + 0 + 3*l. Let f = 35 - 22. Suppose 0 = 5*y - 7 - f. Determine s(y).
-2
Let o(f) = f**3 - f**2 + 3*f - 1. Let x(h) = -h**2 + 15*h + 2. Let b be x(15). Calculate o(b).
9
Suppose -5 = z + 2. Let t = 13 + z. Let m(v) = -7*v + 4. Let a(i) = -15*i + 8. Let u(x) = 6*a(x) - 13*m(x). Calculate u(t).
2
Let x(q) = -7*q - 1. Let n(o) = 4*o**2 - o. Let l be n(-2). Suppose l = 3*w - 0*w. Let s = w - 5. Calculate x(s).
-8
Suppose 5*w + 18 = 2*s, -6*s = -3*s - 4*w - 20. Let h(r) = 3 + r**2 - 3*r**2 + 2 + 4*r. Calculate h(s).
-11
Let a = 4 - 1. Suppose -23 + 7 = -4*v. Let d(o) = 1 - v*o**3 + 2*o + 2*o**2 + 2 + 3*o**3. What is d(a)?
0
Let n(y) = y**2 - 6*y + 2. Let t be n(6). Let f(a) = 2*a**2 - 4*a + 3. What is f(t)?
3
Suppose -2*r = -3*n - 1, -3*n - 4 = -n - 2*r. Let o be (-9*1)/n - -1. Let i(b) = 6*b - 3. Let q(u) = -u + 1. Let d(t) = i(t) + 5*q(t). Determine d(o).
0
Let d be -9 - (-3 - 0/(-3)). Let v(m) = -m**3 - 8*m**2 - 9*m - 2. Determine v(d).
-20
Let f(j) = j**2 + 7*j + 3. Let b be f(-6). Let a(t) be the second derivative of -t**3/6 + t**2 - 16*t. Calculate a(b).
5
Let r(t) be the third derivative of -2*t**5/5 - t**4/12 + t**3/6 - 35*t**2. Give r(1).
-25
Let h = -1 + 4. Suppose -w - w + 2*v - 4 = 0, -h*v = w - 14. Let r(f) be the first derivative of -f**3/3 + f**2/2 + 2*f - 6. Give r(w).
0
Let q(l) = -2*l**2 - 5*l - 8. Let s(f) = 3*f**2 + 5*f + 9. Let t(j) = 5*q(j) + 4*s(j). Give t(4).
8
Let w(s) be the third derivative of s**6/120 + s**5/12 +